se 14, what is d + -2264?
-2255
In base 4, what is -10313201 + 310?
-10312231
In base 6, what is 2014053 + 4?
2014101
In base 12, what is -ba74 + -14?
-ba88
In base 7, what is 220 + 2540?
3060
In base 2, what is 10111100 + 10111?
11010011
In base 12, what is 2611 - -27?
2638
In base 12, what is -28b43 - -1?
-28b42
In base 7, what is 14560 + -2?
14555
In base 6, what is 20 - -3114131?
3114151
In base 9, what is 432 - 102?
330
In base 8, what is 14747 + 5?
14754
In base 8, what is -210 + -14274?
-14504
In base 14, what is -16 - -9d9?
9c3
In base 4, what is -1231123 + -11?
-1231200
In base 5, what is 4 + -301410332?
-301410323
In base 5, what is -142132 + 2304?
-134323
In base 10, what is 37858 - 18?
37840
In base 9, what is 2241 + 70?
2321
In base 13, what is 0 - -33?
33
In base 6, what is 41543 - 10?
41533
In base 12, what is 3b33 + 40?
3b73
In base 12, what is -89 + 2bb8?
2b2b
In base 3, what is 221012222002 - -1?
221012222010
In base 5, what is 1103321 + 12?
1103333
In base 11, what is -3 + -23a963?
-23a966
In base 2, what is 0 + 11110001001101100111?
11110001001101100111
In base 10, what is -2 - -96829?
96827
In base 2, what is 0 + -100010001101001?
-100010001101001
In base 13, what is -4a99 + 1b?
-4a7b
In base 10, what is 35073 - 1?
35072
In base 15, what is -11224d + -2?
-112250
In base 4, what is 110300002 + 2?
110300010
In base 16, what is 1 + 1ffc?
1ffd
In base 15, what is 4c0b - -16b?
4d77
In base 16, what is d - -a0?
ad
In base 10, what is 5 - -3898?
3903
In base 3, what is -21 + -1021100001?
-1021100022
In base 16, what is b - -361e?
3629
In base 12, what is 1236156 - 5?
1236151
In base 13, what is -216 + 15ab?
1395
In base 3, what is 10 - 211121010?
-211121000
In base 15, what is -d5790 + 4?
-d578b
In base 8, what is -36654 + -23?
-36677
In base 11, what is 5 + -61129?
-61124
In base 15, what is 15ed - 15?
15d8
In base 7, what is -164 - 103?
-300
In base 14, what is 51 - 22b4?
-2263
In base 13, what is -b2 + -9a?
-17c
In base 12, what is 3 - -32624b?
326252
In base 15, what is 1129 + -3b?
10dd
In base 9, what is 25 - -3273?
3308
In base 5, what is 11243444 + 3?
11244002
In base 9, what is -555 - 46?
-612
In base 16, what is 11 + 5c9?
5da
In base 8, what is -256 + 71404?
71126
In base 10, what is -5 - -30950?
30945
In base 2, what is -1111110011 - 1000000100010?
-1010000010101
In base 14, what is -ab - -5?
-a6
In base 5, what is -22 - -1003224?
1003202
In base 2, what is 1010001111110011 + 10001?
1010010000000100
In base 2, what is 100 + 11001100111000101010?
11001100111000101110
In base 7, what is -1 - -1004125?
1004124
In base 16, what is 23c + -3?
239
In base 3, what is -1 + 2022221011012?
2022221011011
In base 14, what is 1212 + -1?
1211
In base 9, what is -1508 + -104?
-1613
In base 11, what is -10a0 - 112?
-1202
In base 8, what is -1747335 - 10?
-1747345
In base 2, what is 101111011010110 + 1001?
101111011011111
In base 3, what is 1020 + -121212?
-120122
In base 16, what is 7dd - 73?
76a
In base 12, what is 5b6a + -3?
5b67
In base 6, what is -45 - -3122?
3033
In base 3, what is 20000001111 + 20?
20000001201
In base 14, what is 1c4 - 11?
1b3
In base 7, what is 2 + -42124?
-42122
In base 8, what is -1436 + 530?
-706
In base 4, what is 3 - -321011222?
321011231
In base 6, what is 1323 + -13335?
-12012
In base 16, what is be + -1471?
-13b3
In base 8, what is 5 + -553336?
-553331
In base 14, what is 5 + -1cb3?
-1cac
In base 9, what is -53 + -1538?
-1602
In base 14, what is -96 + -701?
-797
In base 10, what is 112042 + 0?
112042
In base 15, what is -1036 + -b?
-1042
In base 3, what is 112001 - 1120202?
-1001201
In base 10, what is 40300 - 4?
40296
In base 12, what is -2579 + -80?
-2639
In base 8, what is 26206325 + -3?
26206322
In base 4, what is 10 - -100203230?
100203300
In base 5, what is 22132 - -3123?
30310
In base 12, what is -13b35 - 0?
-13b35
In base 3, what is -110201 + -111?
-111012
In base 13, what is 33c63 - 3?
33c60
In base 7, what is -1466 - 14?
-1513
In base 10, what is 707 - -1093?
1800
In base 15, what is -4e + -2c01?
-2c50
In base 14, what is -1635 + -15?
-164a
In base 16, what is -29a + 19?
-281
In base 11, what is -4 + 15959?
15955
In base 12, what is -81 - 347a?
-353b
In base 13, what is -470 + a9?
-394
In base 16, what is -cb93 - 5?
-cb98
In base 8, what is -624045 - 14?
-624061
In base 9, what is -4600 - -37?
-4552
In base 14, what is -3ab - -410?
43
In base 4, what is -3132300330 - -11?
-3132300313
In base 4, what is 2 - -2100330?
2100332
In base 6, what is -4331 + 140?
-4151
In base 10, what is 59889 + -2?
59887
In base 16, what is 28ba79 + -5?
28ba74
In base 13, what is -8 + -34a6?
-34b1
In base 15, what is -3959 + 5?
-3954
In base 13, what is -3bac1 - 5?
-3bac6
In base 15, what is -2 + 4302?
4300
In base 7, what is -2250 + -34?
-2314
In base 8, what is 15322 - 6?
15314
In base 14, what is 1b - 31351?
-31334
In base 16, what is -23 + 20e?
1eb
In base 2, what is -10111100 + -101011001?
-1000010101
In base 15, what is -c - 658?
-665
In base 13, what is 18 + -1284c?
-12834
In base 2, what is 1001 - -110011011000?
110011100001
In base 10, what is -2 + 371807?
371805
In base 2, what is 111 + 10111011111100?
10111100000011
In base 12, what is -31a - 70?
-38a
In base 8, what is 3307 - -23?
3332
In base 9, what is 20302 + -12?
20280
In base 14, what is -32 - -13b4?
1382
In base 7, what is -1 - 4502631?
-4502632
In base 2, what is -100110 + 1110101010?
1110000100
In base 12, what is 3 - 3476?
-3473
In base 11, what is 2843 + 11?
2854
In base 13, what is -4cb97 + -2?
-4cb99
In base 6, what is -1021242 - 4?
-1021250
In base 6, what is 4 + -1051544?
-1051540
In base 9, what is 1846 - -12?
1858
In base 16, what is 4 - -577?
57b
In base 2, what is -111100100001101 - 100110?
-111100100110011
In base 6, what is -5 - -551223?
551214
In base 3, what is 0 - -101200201?
101200201
In base 9, what is -83 - 885?
-1078
In base 3, what is 0 - -10012000210122?
10012000210122
In base 9, what is -2022 - -3?
-2018
In base 10, what is -3 + 243201?
243198
In base 8, what is -5 - 30101?
-30106
In base 8, what is 37 - 12417?
-12360
In base 6, what is -23041253 - -3?
-23041250
In base 9, what is 167 - 213?
-35
In base 13, what is -219138 - 5?
-219140
In base 10, what is -921 + -65?
-986
In base 7, what is 6 - 35310?
-35301
In base 7, what is 11 + 2412054?
2412065
In base 6, what is -10001053 - 23?
-10001120
In base 6, what is 1 + 321113?
321114
In base 11, what is 3 + -1396?
-1393
In base 15, what is 3 - -139de?
139e2
In base 8, what is 22 - -11362?
11404
In base 13, what is -6 + -10b7?
-10c0
In base 5, what is 433344 + -2?
433342
In base 13, what is a6 + -1228?
-1152
In base 11, what is -14 + -138?
-151
In base 4, what is 201212 + -3332?
131220
In base 13, what is -4 - 1b78?
-1b7c
In base 3, what is -2 + 1221212201?
1221212122
In base 8, what is -26155 + 4?
-26151
In base 11, what is 5 + -397312?
-397308
In base 7, what is 11261502 + -4?
11261465
In base 2, what is -11100010001 + -1111001?
-11110001010
In base 15, what is 57 - 1dd?
-186
In base 8, what is -245 - -3107?
2642
In base 16, what is -7a + -2741?
-27bb
In base 2, what is -10010011011111 + -101101?
-10010100001100
In base 8, what is 1 - 537721?
-537720
In base 4, what is -300 + 22003?
21103
In base 3, what is -10 - -121021102?
121021022
In base 4, what is 12031222 - -3?
12031231
In base 9, what is 37 - -241?
278
In base 6, what is 5 + 3542?
3551
In base 10, what is -13443 + 2?
-13441
In base 14, what is a9 + -2a4?
-1d9
In base 12, what is 4 + 2144?
2148
In base 5, what is -144 + -241443?
-242142
In base 12, what is 6 - -106760?
106766
In base 16, what is -2 - 6234?
-6236
In base 4, what is 2113323 + -10?
2113313
In base 8, what is 624463 - -13?
624476
In base 16, what is 140f + 4?
1413
In base 5, what is -342131 - 20?
-342201
In base 12, what is -2 + 23715?
23713
In base 14, what is 1bb + -1508?
-132b
In base 13, what is 2449 + 10?
2459
In base 13, what is -1131b - 55?
-11373
In base 11, what is 124077 + -7?
124070
In base 2, what is 101 - 1100001100101111010?
-1100001100101110101
In base 6, what is 0 + -1051534?
-1051534
In base 11, what is -1 + -18614?
-18615
In base 15, what is -19 + 417e?
4165
In base 15, what is a9 + -2181?
-20c7
In base 6, what is -105534 - -103?
-105431